2/x*(-1)/((-6)/(-40)). What is the highest common divisor of r and 64?
8
Let q(z) = -2*z**3 - 13*z**2 - 25. Let o be q(-10). What is the greatest common factor of 275 and o?
25
Let h(r) = r**3 - 7*r**2 + 7*r - 10. Let p be h(6). Let l be 6*-10*p/10. Calculate the greatest common divisor of 204 and l.
12
Let q(g) = g**2 + 3*g - 206. Let w be q(13). Suppose -30 = w*l - 142. What is the highest common factor of l and 16?
8
Suppose -4*a + 4 = 0, 260 = 5*o - 3*a - 117. Suppose 3*i + 3*t = -t + 207, -t - o = -i. Let v = i - 62. Calculate the greatest common factor of v and 11.
11
Suppose 81 = -y + 4*y. Let b = 1518 + -897. Let n = -378 + b. Calculate the highest common divisor of n and y.
27
Let a be ((-12)/(-8))/((75/(-190))/(-5)). Suppose -a*x + 308 = -5*x. Calculate the greatest common factor of x and 275.
11
Suppose -5*s - 295 = -4*l, -4*l + 2*s - 67 = -365. Calculate the greatest common divisor of 25 and l.
25
Let t(o) = -8*o**3 - 206*o**2 - 1730*o. Let j be t(-8). Calculate the greatest common factor of j and 36.
36
Suppose -19 = 44*u - 1691. What is the greatest common divisor of 4826 and u?
38
Let h(u) = -u**3 - 42*u**2 - 101*u - 819. Let l be h(-40). Calculate the greatest common divisor of 2611 and l.
7
Let i = -56 + 47. Let z be (45/4*2)/(i/(-24)). Suppose 2*o + 2*x + 3*x - 33 = 0, -z = -5*o - 5*x. What is the greatest common divisor of 117 and o?
9
Let u be (-612)/(-510) + (-714)/(-5). What is the highest common divisor of u and 3096?
72
Let i = -253 - -248. Let p(j) = -2*j**2 - 10*j + 11. Let n be p(i). Suppose d + 2*d = x + 361, 5*d = -3*x + 611. What is the highest common divisor of n and d?
11
Let z(o) = -2*o**2 + 26*o + 32. Let g be z(14). Suppose -9 = -4*s - 1. Calculate the greatest common factor of g and s.
2
Let i(u) = 14 + 20 - 4 - 4*u. Let n be i(6). Calculate the highest common divisor of 3 and n.
3
Let o(t) = -t**3 - 12*t**2 + 8*t + 23. Let k be o(-12). Let w = k - -89. Let v be (-1)/2 - (-17)/2. What is the highest common factor of w and v?
8
Let k be 18/4*48/(-36). Let r be 3/k*-20 - 3. Let z(j) = -j**2 + 8*j - 3. Let h be z(r). Calculate the highest common divisor of h and 44.
4
Suppose 133*h - 67*h - 44550 = 0. What is the highest common divisor of 108 and h?
27
Suppose 6 = n, -5*n = v - 137 - 348. What is the highest common factor of 1235 and v?
65
Let p(x) = x + 39. Let y be p(-5). Let f = 98 - 185. Let h be -1 + (-1)/1 - f. Calculate the greatest common factor of h and y.
17
Suppose -9*b + 8267 = 83*b - 1301. What is the highest common factor of 884 and b?
52
Let p be 30/(-70) - (-231360)/(-140)*6/(-8). What is the highest common divisor of p and 42?
21
Let k = -704 - -464. Let q = 262 + k. What is the highest common divisor of q and 176?
22
Let w = 140 - 67. Suppose 4*l + z - w = 0, -3*l + 6*l - 4*z = 50. Let k(n) = 5*n**2 + 2*n. Let o be k(-4). What is the greatest common divisor of o and l?
18
Let l(c) = c**3 + 3*c**2 + 2*c - 3. Let u be l(2). Suppose 0 = u*d - 1303 - 20. What is the greatest common divisor of d and 42?
21
Let u be -990*24/8*(0 - (0 + 1)). Calculate the highest common divisor of 405 and u.
135
Let u(x) = -59*x**2 + 2. Let s be u(2). Let v = s + 96. Let q be (-2)/(-3) + v/(-9). What is the highest common factor of q and 144?
16
Let j be 109/(-4)*-2 + 27*42/756. What is the highest common divisor of j and 84?
28
Suppose -40*l + 17 = 3*g - 35*l, -2*g - 3*l = -9. Let z = -2 - -1. Let c be ((z + g)*-12)/(8/8). What is the greatest common divisor of 28 and c?
28
Let r(d) = -2*d**3 - 2*d**2 + 1. Let i be 4/24*3 + (-3)/(-6). Let t be r(i). Let w be (35/14)/(t/(-84)). What is the greatest common divisor of 56 and w?
14
Let x be (44206/12 - 4) + 20/120. Calculate the greatest common factor of 138 and x.
46
Suppose 119*p = 91*p + 392. What is the highest common divisor of 5103 and p?
7
Suppose 0 = 4*f - 3*x - 785, f + 5*x + 0 = 202. Let h be f + (-9 - (-9)/((-9)/(-4))). Calculate the highest common factor of 16 and h.
16
Let l be (0/(-1))/(-3 - -2). Suppose l*k + k - 40 = 0. Suppose 4*t - 17 = -4*f - 9, -2*t = 3*f - 1. What is the greatest common divisor of k and t?
5
Let u = 26190 - 26177. Let o(c) = 16*c + 8. Let v be o(6). Calculate the highest common divisor of u and v.
13
Suppose 10264 = 1454*l - 1450*l + v, 2*l + v = 5130. Calculate the greatest common divisor of l and 17.
17
Suppose 7*z + 58 = -28*z + 513. Calculate the highest common divisor of z and 31213.
13
Let x = 1181 - 453. Suppose 29*v - 2240 = -51*v. What is the greatest common divisor of v and x?
28
Let s(v) = -2*v**2 - 16*v. Let x be s(-6). Let f(q) = -q**3 + 22*q**2 + 48*q + 56. Let m be f(x). What is the greatest common factor of m and 8?
8
Suppose 4*r - 198 - 112 = -2*d, -161 = -2*r + 5*d. Suppose 90 = 5*z + 5*c, -z - 4*z - 2*c = -r. Calculate the highest common factor of z and 182.
14
Let q(t) = 6*t**3 - 5*t**2 - 20*t - 1. Let b be q(7). Let d = b - 1122. Let j = 40 + 15. What is the highest common factor of j and d?
55
Let b(h) be the third derivative of h**5/60 - 11*h**4/24 + 25*h**3/3 + 112*h**2. Let l be b(4). Calculate the highest common divisor of l and 16.
2
Let m(l) = -l**2 - 15 + 39*l + 8*l**2 - 8*l**2. Let x be m(34). Calculate the greatest common divisor of 124 and x.
31
Suppose 5*v - 148 = -2*k, 5*v + 4*k = -153 + 289. What is the highest common divisor of v and 4768?
32
Let f be (-2 + -16)/9*-230. Calculate the highest common divisor of 70 and f.
10
Suppose -30*m = -34*m - 2*b + 764, 4*m + 3*b = 770. Calculate the greatest common factor of 6956 and m.
188
Let w(c) = 2*c**2 + 28*c - 33. Let u be w(-15). Let p be ((-10)/15)/(u/423). Calculate the highest common factor of 235 and p.
47
Let h(y) = 114*y - 8025. Let i be h(73). What is the greatest common factor of i and 1350?
27
Let o be ((-65)/9)/(-1) - (-30)/(-135). Suppose -126 = -o*k + 4*k. Calculate the highest common divisor of 84 and k.
42
Suppose 31 - 34 = p. Let n be (-97)/((p/1)/3). Suppose 0 = 5*d - 5*w - 285, -4*w - 77 = -3*d + n. Calculate the greatest common divisor of 6 and d.
6
Let r = -282 - -357. Let q(s) = 13*s**2 - 5*s - 33. Let g be q(-4). What is the greatest common factor of g and r?
15
Let o be ((-45)/10*(-34)/12)/((-2)/(-24)). Calculate the highest common factor of o and 34.
17
Suppose 3944*j - 3889*j - 2365 = 0. Calculate the highest common divisor of 5504 and j.
43
Suppose 0 = 2*k - 16 - 184. Let d = k - 120. Let o be (24/(-3))/(8/d). Calculate the greatest common divisor of 20 and o.
20
Suppose 63*c - 21737 - 754 = 0. Calculate the greatest common divisor of c and 5049.
51
Suppose -52476 - 1996 = -4*h. What is the highest common factor of 44 and h?
22
Suppose 4*s = -3*d - 4, 3*d + 2*s = 5*s + 24. Suppose 36 - 28 = 2*u. Suppose -d = -u*a + 84. Calculate the greatest common divisor of 11 and a.
11
Let d(p) = -p**3 + 8*p**2 - 28. Let m be d(6). Suppose 3*q - 16 = m. What is the greatest common divisor of 80 and q?
20
Suppose -7*p + 17*p = 8700. Calculate the greatest common factor of p and 30.
30
Suppose 24*l - 2220 = -l - 5*l. What is the greatest common factor of l and 6?
2
Suppose 4*y = -n - 20 + 4, -5*n - 23 = y. Let r be ((-3)/3 - y) + (-1 - -14). Suppose 14*i + 9 = r*i. What is the greatest common factor of i and 63?
9
Suppose -5*g + 5*n = 4*n + 264, 3*n = 4*g + 209. Let u = -51 - g. Suppose 3*s + 5*j = -s + 13, 3*s - 4 = u*j. Calculate the greatest common divisor of s and 14.
2
Suppose -4*s = 20, 14 = -j - 5*s - 13. Let f be (7 + j/1)*297/135. Calculate the highest common divisor of f and 55.
11
Let o(r) = -4*r - 25. Let v(n) = n**3 - 7*n**2 + 11*n - 7. Let k be v(3). Let q be o(k). What is the highest common factor of 27 and q?
3
Suppose 4484 = 10*c + 804. Let y = -363 + c. Calculate the greatest common factor of y and 415.
5
Let c = -131 + 141. Suppose -c*g = -1538 + 478. What is the highest common divisor of 53 and g?
53
Suppose 0 = 33*m - 67*m + 782. Calculate the highest common factor of m and 1081.
23
Suppose 0 = 24*c - 31*c + 1358. Suppose -197*a = -c*a - 81. What is the highest common divisor of 621 and a?
27
Let n = -47 + 58. Let z(f) = -f**3 + 9*f**2 + 22*f + 2. Let p be z(n). Let a be (p + -7)/(-5)*55. Calculate the highest common factor of 22 and a.
11
Let m be (-2)/(-8) - 315/(-4). Suppose 0 = 3*i + 2*w - 485 + m, 0 = -4*w - 16. 